{"id":943,"date":"2022-04-24T17:54:03","date_gmt":"2022-04-24T17:54:03","guid":{"rendered":"https:\/\/hortadeproximitat.cat\/?post_type=product&#038;p=943"},"modified":"2025-07-03T12:54:56","modified_gmt":"2025-07-03T12:54:56","slug":"mongetes-amb-verdures-saltejades","status":"publish","type":"product","link":"https:\/\/hortadeproximitat.cat\/?product=mongetes-amb-verdures-saltejades","title":{"rendered":"Mongetes amb verdures saltejades"},"content":{"rendered":"<p>Informaci\u00f3 nutricional mitjana per 100g.<\/p>\n<p>Valor energ\u00e8tic: 185,2 [43,7 KJ\/Kcal]<\/p>\n<p>Greixos: 0,6 [Saturats: 0,0]<\/p>\n<p>Carbohidrats: 7,5 [Sucres 0,6]<\/p>\n<p>Prote\u00efnes: 2,2<\/p>\n<p>Sal: 0,0<\/p>\n","protected":false},"excerpt":{"rendered":"<p>Estalvia temps i menja s\u00e0 amb aquestes mongetes de santa pau amb verdures que tindr\u00e0s a punt en un moment.<\/p>\n<p><span data-sheets-value=\"{&quot;1&quot;:2,&quot;2&quot;:&quot;Assortit variat de diferents productes del nostre Hort.&quot;}\" data-sheets-userformat=\"{&quot;2&quot;:2112257,&quot;3&quot;:{&quot;1&quot;:0},&quot;11&quot;:0,&quot;12&quot;:0,&quot;14&quot;:{&quot;1&quot;:2,&quot;2&quot;:0},&quot;15&quot;:&quot;Calibri&quot;,&quot;16&quot;:11,&quot;24&quot;:{&quot;1&quot;:0,&quot;2&quot;:3,&quot;3&quot;:0,&quot;4&quot;:3}}\">Ingredients: Mongetes 76%, esp\u00e0rrecs verds 2%, ceba 4%, carbass\u00f3 4%, xampiny\u00f3 4%, alberg\u00ednia 4%, pebrot vermell i verd 4%, all 1% i oli 1%<br \/>\n<\/span><\/p>\n<p>Pes net 250\u202fg<\/p>\n<p>(Conservar entre 0\u00ba i 4\u00ba C)<\/p>\n","protected":false},"featured_media":951,"comment_status":"open","ping_status":"closed","template":"","meta":{"_monsterinsights_skip_tracking":false,"_monsterinsights_sitenote_active":false,"_monsterinsights_sitenote_note":"","_monsterinsights_sitenote_category":0},"product_brand":[],"product_cat":[88],"product_tag":[],"class_list":{"0":"post-943","1":"product","2":"type-product","3":"status-publish","4":"has-post-thumbnail","6":"product_cat-producte-envasat-al-buit","8":"first","9":"instock","10":"featured","11":"taxable","12":"shipping-taxable","13":"product-type-simple"},"_links":{"self":[{"href":"https:\/\/hortadeproximitat.cat\/index.php?rest_route=\/wp\/v2\/product\/943"}],"collection":[{"href":"https:\/\/hortadeproximitat.cat\/index.php?rest_route=\/wp\/v2\/product"}],"about":[{"href":"https:\/\/hortadeproximitat.cat\/index.php?rest_route=\/wp\/v2\/types\/product"}],"replies":[{"embeddable":true,"href":"https:\/\/hortadeproximitat.cat\/index.php?rest_route=%2Fwp%2Fv2%2Fcomments&post=943"}],"wp:featuredmedia":[{"embeddable":true,"href":"https:\/\/hortadeproximitat.cat\/index.php?rest_route=\/wp\/v2\/media\/951"}],"wp:attachment":[{"href":"https:\/\/hortadeproximitat.cat\/index.php?rest_route=%2Fwp%2Fv2%2Fmedia&parent=943"}],"wp:term":[{"taxonomy":"product_brand","embeddable":true,"href":"https:\/\/hortadeproximitat.cat\/index.php?rest_route=%2Fwp%2Fv2%2Fproduct_brand&post=943"},{"taxonomy":"product_cat","embeddable":true,"href":"https:\/\/hortadeproximitat.cat\/index.php?rest_route=%2Fwp%2Fv2%2Fproduct_cat&post=943"},{"taxonomy":"product_tag","embeddable":true,"href":"https:\/\/hortadeproximitat.cat\/index.php?rest_route=%2Fwp%2Fv2%2Fproduct_tag&post=943"}],"curies":[{"name":"wp","href":"https:\/\/api.w.org\/{rel}","templated":true}]}}